?
4507
Suppose 0 = -12*o + 21*o - 13*o + 77688. List the prime factors of o.
2, 3, 13, 83
Let y be (4/6)/(40/180). Suppose y*u - 20 = 5*g, -4*g - 2 = -5*u + 1. Let b(p) = 5*p**2 + 23*p - 3. What are the prime factors of b(g)?
3
Let u(k) = -2465*k**2 - 2*k + 19. Let j(b) = -1233*b**2 - 2*b + 9. Let r(o) = -7*j(o) + 3*u(o). What are the prime factors of r(1)?
2, 619
Let i be 15 - (-3)/5*(-60)/36. Suppose i*u - 28908 = -19*u. List the prime factors of u.
2, 3, 73
Suppose 4*c - 9*c + 4*d + 35023 = 0, -d - 2 = 0. What are the prime factors of c?
47, 149
Suppose 2*w - 5*k - 41 = 0, -6 = 4*k + 14. Suppose -w*b - 7*b + 10365 = 0. What are the prime factors of b?
691
Let j = 19499 + -13790. List the prime factors of j.
3, 11, 173
Let i(w) = -3*w + 45. Let o be i(14). List the prime factors of (-1*o)/(-30) + 38544/160.
241
Suppose 4*l + 5734 = -30. Let n = -558 - l. Suppose -o + 217 = -4*s, 0 = -6*o + 2*o + s + n. List the prime factors of o.
13, 17
Suppose 654*z = 661*z - 28182. What are the prime factors of z?
2, 3, 11, 61
Suppose 12*f = 3*f + 31608. Suppose -f = -4*w - o, 0 = 4*w + 4*o + o - 3496. Suppose 3*x - 2*n - 624 = 0, 0 = 4*x - 5*n - w + 40. List the prime factors of x.
2, 103
Suppose -83*n - 58736 = -99*n. What are the prime factors of n?
3671
Suppose 5*w - 1800 = 45255. What are the prime factors of w?
3, 3137
Let v = -149790 - -210897. List the prime factors of v.
3, 20369
Let m = -106468 + 193184. What are the prime factors of m?
2, 7, 19, 163
Let w(h) = 1039*h - 1580. List the prime factors of w(7).
5693
Let g(t) = 2*t - 12. Let p = -31 + 37. Let h be g(p). List the prime factors of h/6 - (-2 + -41).
43
Let s(n) = 6*n**2 + 13*n + 83. Suppose 14*t - 7*t + 42 = 0. What are the prime factors of s(t)?
13, 17
Let g(f) = -f**3 + 52*f**2 + 108*f + 97. What are the prime factors of g(31)?
2, 11813
Suppose -z - 2*a + 5548 = 0, 2*a + 3435 = z - 2129. Suppose -7*p + 2536 = -z. What are the prime factors of p?
2, 17
Suppose 5*y = 3*a - 4032, -3*a = y - 3*y - 1611. Let q = -445 - y. List the prime factors of q.
2, 181
Suppose -5*b + 3*z + 67644 = 0, 5452 = b - 2*z - 8074. List the prime factors of b.
2, 3, 5, 11, 41
Suppose -62*o + 26*o = -25*o - 498784. List the prime factors of o.
2, 13, 109
Suppose n - 2*b = -0*n + 1007, -4*n + 2*b = -4016. Let g = n + -620. List the prime factors of g.
383
List the prime factors of ((13217/5)/((-10)/25))/(73/(-292)).
2, 13217
Let m = 34 + -28. Let s = 2162 - m. What are the prime factors of s/49 + 1 + 0 + -2?
43
Suppose 2*r + 6 = 0, c - 5*c = 4*r. Let a(b) = -c*b**2 + 73*b**2 - 21*b**2 + 43*b**2 + 2 + b. What are the prime factors of a(-1)?
3, 31
Suppose 2*k = -27*a + 68210, -7250 = -3*a + 4*k + 312. List the prime factors of a.
2, 3, 421
Suppose 3*g - 7102 = 9731. Suppose 11*x - g - 1088 = 0. List the prime factors of x.
3, 7, 29
Suppose 85*z - 88*z = -489. Suppose -4*j = -z - 17. What are the prime factors of j?
3, 5
Let g = -130 - -206. Let t be g + (-8 + 1 - -3). Suppose x - t = 56. What are the prime factors of x?
2
Let v = -186 + 196. Let a(s) = s**3 - 2*s**2 - 35*s + 7. List the prime factors of a(v).
457
Suppose 6*i = 1001 - 281. Let b be (36/(-15))/(-5 - (-582)/i). Suppose b*s - 19*s = -138. List the prime factors of s.
2, 23
Suppose 2*n - p = 5 - 0, 4*n + 4*p - 16 = 0. Let z = 898 - 846. Suppose 0 = -n*g - z + 199. What are the prime factors of g?
7
Suppose -4*y + 1962 = -3382. Suppose 3*t + 4*b - y = -0*t, 2*t - 891 = -3*b. List the prime factors of t.
2, 3, 37
Let p(o) = 6537*o - 3217. List the prime factors of p(8).
17, 2887
Suppose 0 = 2*j + 955 - 949, -x = -3*j - 13508. What are the prime factors of x?
13499
Suppose 0 = -8*f - 5*f + 390. Let w(d) = 6*d + 127. List the prime factors of w(f).
307
Suppose 20*v + 23 = 103. Suppose -15396 = -8*o - v*o. List the prime factors of o.
1283
Let g(y) = 38*y + 3. Let s(p) = -57*p - 4. Let c(x) = -8*g(x) - 5*s(x). Let k = 849 + -854. What are the prime factors of c(k)?
7, 13
Suppose 3*t + 9*t - 136*t = -1257732. List the prime factors of t.
3, 7, 23
What are the prime factors of (-1 - -52)*(-5 + -2 - -146)?
3, 17, 139
Suppose -9*n - n - 20 = 0. Let z(p) = -34*p**3 + p**2 + 5*p + 3. What are the prime factors of z(n)?
269
Suppose -s + o - 222 = 0, s - 2*o + 32 = -194. Let u = s - -504. List the prime factors of u.
2, 11, 13
Suppose 14 - 12 = n, -5*d + n + 48313 = 0. List the prime factors of d.
3, 3221
Let k = -2056 - -2662. What are the prime factors of k?
2, 3, 101
Let t(m) = 5*m**2 + 28*m - 108. List the prime factors of t(-16).
2, 181
Let a be 14/(-5)*15*(-8)/48. Suppose 0 = -a*g - 5*g + 2784. List the prime factors of g.
2, 29
Let v(w) = -422*w**3 + 5*w**2 - 17*w - 7. What are the prime factors of v(-4)?
17, 1597
Suppose 0 = 20*z - 15931 - 2529. Let a = z + -698. What are the prime factors of a?
3, 5
Let r(d) = 89*d - 242. Let f be r(18). Let t = 1992 - f. List the prime factors of t.
2, 79
Let m(z) = z**2 - 14*z + 49. Let y be m(7). Suppose u - 810 - 67 = y. What are the prime factors of u?
877
Suppose 52*s - 57*s + 25 = 0. Suppose 400 = s*z - 85. What are the prime factors of z?
97
Suppose -281 = -5*x + 44. Let i = -40 + x. Suppose 43 = d + 2*n, -5*n = -10*n - i. List the prime factors of d.
53
Let j(s) = 2*s**2 - 15*s - 5. Let u be j(8). Suppose m + 205 = t, u*t + 7*m = 12*m + 617. List the prime factors of t.
2, 3, 17
Let s(q) be the third derivative of -q**4/2 - 53*q**3/6 - 14*q**2 + 2*q. What are the prime factors of s(-17)?
151
Suppose 5*f - 7*s = 2250 + 1702, -4*f - 3*s + 3153 = 0. What are the prime factors of f?
3, 263
Suppose 17 = v + 2*j - 3*j, 0 = 2*v + 3*j - 19. Let x(d) = -d**2 + 2*d + 5. Let g be x(v). Let o = -114 - g. List the prime factors of o.
7
Suppose -49*i + 567157 + 59161 = 0. List the prime factors of i.
2, 7, 11, 83
Let d = -9996 - -25823. List the prime factors of d.
7, 17, 19
Let d(n) = -2329*n - 2847. What are the prime factors of d(-16)?
127, 271
Let f(g) = -8*g - 23*g - 7 - 5 - 1. Suppose 5*j + 5*p = -40, 5*p + 13 = 4*j - 0*p. What are the prime factors of f(j)?
2, 5
Suppose a = 11*a - 60. What are the prime factors of 31354/(-61)*a/(-4)?
3, 257
Let f(u) = u**3 - 11*u**2 + 30*u + 5. Let b be f(6). What are the prime factors of 3/(-15)*((b - 5075) + 5)?
1013
Let i(b) = 91*b**3 - 6*b - 11. Let c be i(-2). List the prime factors of -5 - (c + 2 + -6).
2, 3, 11
Let a = 205 - 202. Suppose 10*h = -3*u + 8*h + 2921, -4*u + a*h + 3872 = 0. List the prime factors of u.
971
Let v(o) = 29*o**2 - 147*o - 22. What are the prime factors of v(15)?
2, 7, 307
Let a = 616 + -618. What are the prime factors of (-6)/(24/a) + (-3214)/(-4)?
2, 3, 67
Suppose -3*y = -3*p + 16281, -20*p + 4*y = -21*p + 5397. List the prime factors of p.
3, 13, 139
Let d be (298/(-8))/(2/(48/3)). Let i = -93 - d. What are the prime factors of i?
5, 41
Suppose -14*f + 144081 = 5*u, -34*u + 31*u = 5*f - 86452. List the prime factors of u.
7, 23, 179
Let d = 8854 - -8580. List the prime factors of d.
2, 23, 379
Let l(j) = j**3 + 10*j**2 - 14*j - 27. Let u be l(-11). Suppose -3*h + 2 = -2*h. Suppose 0 = -u*b - h*b + 760. List the prime factors of b.
5, 19
Suppose -12723 + 180444 = 37*j. List the prime factors of j.
3, 1511
Let f(q) = q**2 + 6*q + 442. Let p be f(0). Let c = 28 + p. List the prime factors of c.
2, 5, 47
Suppose 2*w = -33*h + 28*h + 27077, w + 16244 = 3*h. What are the prime factors of h?
3, 5, 19
Let c(h) = -h + 3. Let n(a) = -134*a + 28. Let v(k) = 4*c(k) + n(k). What are the prime factors of v(-3)?
2, 227
Let a(f) = 15*f + 20. Let h(u) = -u - 18. Let n be h(-20). Let w be n*(-3)/24 - (-25)/4. List the prime factors of a(w).
2, 5, 11
What are the prime factors of -25 + -18 + 1346064/24?
3, 13, 479
Let b(v) = -436*v - 2218. List the prime factors of b(-22).
2, 3, 1229
Let f(s) = -s**2 - 35*s - 38. Let h be f(-9). Suppose -c - 12 = -4*c. Suppose -2*t + h = -0*t + 2*w, -c*t + 360 = -4*w. What are the prime factors of t?
2, 47
Let m = 69 + -70. Let z(x) = 428*x**2 + 2*x + 1. What are the prime factors of z(m)?
7, 61
Let y(m) be the third derivative of 122*m**5/15 + m**4/24 - m**3/3 + m**2 + 80. What are the prime factors of y(1)?
487
Let w(p) = -2*p**3 + 20*p**2 - 17*p - 9. Let h = -7 + 16. Let i be w(h). Suppose -18*d - 151 + 673 = i. List the prime fact